1555
What is -141156 (base 7) in base 4?
-12203130
What is 31130 (base 4) in base 12?
5b8
13132 (base 7) to base 4
312232
Convert e767 (base 15) to base 6.
1014254
28386 (base 10) to base 15
8626
What is -147 (base 15) in base 5?
-2132
-12197 (base 16) to base 14
-1d035
What is -1022 (base 9) in base 13?
-458
What is 121 (base 14) in base 2?
11100001
What is 76 (base 16) in base 2?
1110110
Convert 486 (base 14) to base 12.
632
What is -3630 (base 15) in base 8?
-26400
What is -2756 (base 8) in base 13?
-8ca
What is -1213 (base 10) in base 4?
-102331
-178 (base 9) to base 16
-98
Convert 150150 (base 6) to base 9.
21573
-2707 (base 9) to base 5
-31112
2303 (base 5) to base 8
510
-5355 (base 7) to base 2
-11101101110
What is -10123 (base 6) in base 5?
-20342
-20201 (base 4) to base 3
-202012
333 (base 15) to base 3
222210
-1011012 (base 3) to base 9
-1135
101303 (base 4) to base 8
2163
What is -11221 (base 3) in base 5?
-1013
What is -1400100 (base 5) in base 14?
-a38a
Convert -160 (base 15) to base 16.
-13b
What is aa7 (base 15) in base 11?
1899
What is -3d5 (base 15) in base 3?
-1012102
1904 (base 14) to base 9
6163
Convert -120126 (base 7) to base 9.
-32656
Convert 42410 (base 6) to base 9.
7816
What is -110101010111000 (base 2) in base 12?
-13988
Convert -bb1 (base 13) to base 10.
-2003
1f9 (base 16) to base 10
505
What is 101010110010 (base 2) in base 8?
5262
What is -51420 (base 8) in base 2?
-101001100010000
What is -4435 (base 12) in base 10?
-7529
What is 13524 (base 6) in base 16?
85c
Convert 2b09 (base 13) to base 7.
24154
Convert 1212 (base 7) to base 15.
200
What is -323232 (base 4) in base 11?
-2965
Convert -1231003 (base 4) to base 16.
-1b43
Convert 3011 (base 5) to base 9.
463
Convert -10110212 (base 3) to base 14.
-cd0
Convert -41 (base 14) to base 11.
-52
Convert 1010001110001 (base 2) to base 15.
183d
What is -19228 (base 11) in base 8?
-64414
-1120 (base 5) to base 6
-424
Convert 12032 (base 5) to base 4.
31330
What is -1561 (base 7) in base 15?
-2c1
What is -1010001111100 (base 2) in base 7?
-21201
Convert 404b (base 15) to base 4.
3110003
5607 (base 13) to base 11
9025
Convert 111101100100 (base 2) to base 9.
5357
Convert -1012444 (base 5) to base 3.
-211210201
14041 (base 7) to base 8
7332
Convert 289 (base 13) to base 6.
2031
-10111 (base 3) to base 6
-234
-764 (base 8) to base 6
-2152
-12906 (base 12) to base 6
-314010
4801 (base 9) to base 12
2091
Convert -1536 (base 8) to base 4.
-31132
-78 (base 16) to base 12
-a0
104323 (base 5) to base 13
18c8
What is -25360 (base 7) in base 11?
-5047
Convert 101210110 (base 3) to base 11.
5a04
What is 12cb (base 16) in base 15?
165b
What is -3411 (base 13) in base 9?
-10880
What is 900 (base 11) in base 4?
101001
What is 3534 (base 6) in base 3?
1011111
What is -111011101 (base 2) in base 3?
-122200
112121010 (base 3) to base 12
61a9
What is 3445 (base 6) in base 7?
2252
Convert 1020000 (base 3) to base 15.
3e6
Convert -12324 (base 5) to base 8.
-1704
What is -111111100111 (base 2) in base 6?
-30503
-811 (base 10) to base 12
-577
1773 (base 11) to base 5
33013
-261a (base 12) to base 11
-3298
-74c5 (base 13) to base 16
-3f58
What is 6706 (base 8) in base 14?
13dc
708 (base 10) to base 13
426
What is -3634 (base 8) in base 9?
-2604
2601 (base 14) to base 8
15011
-11331 (base 12) to base 9
-34411
Convert -21936 (base 11) to base 14.
-b7d3
Convert -110121 (base 4) to base 12.
-909
What is 27b5 (base 15) in base 2?
10000100101111
15733 (base 14) to base 2
1101000100110001
Convert b158 (base 13) to base 9.
36431
-123144 (base 6) to base 8
-25510
-10000101010 (base 2) to base 3
-1110111
Convert 12331 (base 4) to base 7.
1204
-356 (base 13) to base 4
-21002
23052 (base 13) to base 8
174444
What is -100131 (base 5) in base 9?
-4307
Convert -439 (base 10) to base 15.
-1e4
What is 1467 (base 8) in base 12?
587
Convert -2422 (base 5) to base 3.
-111102
Convert -110dc (base 14) to base 4.
-22012022
4743 (base 9) to base 2
110111000010
What is 545501 (base 6) in base 12?
22291
21123 (base 4) to base 12
423
1021001 (base 3) to base 16
397
What is -5045 (base 6) in base 10?
-1109
Convert 917 (base 16) to base 4.
210113
1440 (base 6) to base 15
1a9
Convert 7754 (base 9) to base 13.
27ac
What is -1754 (base 13) in base 9?
-4652
12201221 (base 3) to base 7
15124
-510344 (base 6) to base 4
-21311320
Convert -15d6 (base 14) to base 15.
-125c
1541 (base 11) to base 3
2201101
Convert -287 (base 13) to base 10.
-449
Convert -14114 (base 6) to base 16.
-89e
What is 529 (base 10) in base 4?
20101
What is -10023 (base 4) in base 3?
-100220
Convert 1624 (base 7) to base 5.
10110
What is 6e1 (base 16) in base 7?
5064
50602 (base 7) to base 11
9273
Convert 5d0 (base 14) to base 10.
1162
What is -7286 (base 13) in base 10?
-15827
21122022 (base 3) to base 16
15c2
-179 (base 13) to base 2
-100001101
-18422 (base 13) to base 3
-2101020212
What is -1165 (base 8) in base 13?
-395
Convert 4420 (base 12) to base 11.
570a
What is -220002 (base 3) in base 11?
-541
Convert -2646 (base 11) to base 9.
-4640
7222 (base 13) to base 5
1000440
-3344 (base 6) to base 7
-2200
What is 5eea (base 15) in base 13?
92a4
What is 55143 (base 9) in base 11?
25526
What is -437 (base 8) in base 12?
-1bb
What is -20 (base 3) in base 7?
-6
Convert -10100111010 (base 2) to base 16.
-53a
Convert 2405 (base 16) to base 5.
243341
What is -3b23 (base 15) in base 11?
-9545
-13058 (base 12) to base 3
-1022122112
301002 (base 5) to base 9
14027
What is 1443 (base 7) in base 5?
4240
-213a (base 14) to base 13
-27c3
What is 4021 (base 8) in base 11?
1608
Convert -20200220 (base 3) to base 13.
-22b9
What is 2805 (base 10) in base 13?
137a
Convert -320013 (base 4) to base 14.
-1447
24827 (base 11) to base 12
1872b
Convert 261 (base 11) to base 14.
181
What is -1232233 (base 4) in base 15?
-2177
-300131 (base 4) to base 14
-11b7
Convert 22231201 (base 4) to base 13.
16c7b
-10001111101 (base 2) to base 8
-2175
What is 49489 (base 11) in base 9?
117506
571 (base 12) to base 8
1445
What is 12272 (base 11) in base 14?
65cc
Convert 1514 (base 10) to base 13.
8c6
3e5 (base 15) to base 11
73a
Convert 103001 (base 4) to base 12.
855
Convert -10103 (base 5) to base 6.
-3005
What is 75a9 (base 11) in base 15?
2e96
Convert -c604 (base 13) to base 4.
-12223312
Convert 1340424 (base 5) to base 13.
c752
What is -55156 (base 7) in base 15?
-415a
What is -17b0 (base 13) in base 14?
-13d9
280 (base 10) to base 12
1b4
What is 111001010 (base 2) in base 7?
1223
2a3a2 (base 11) to base 4
22200323
-370 (base 9) to base 15
-156
-1446 (base 12) to base 10
-2358
What is -4273 (base 10) in base 11?
-3235
What is 1144 (base 7) in base 16?
1a8
Convert 23243 (base 5) to base 7.
4644
15665 (base 7) to base 8
10551
What is -18b (base 12) in base 3?
-100022
Convert -2205 (base 6) to base 13.
-302
What is -44532 (base 9) in base 11?
-20264
Convert a299 (base 12) to base 14.
6633
What is 30430 (base 5) in base 2?
11111000110
What is 631a (base 11) in base 10?
8370
214 (base 9) to base 11
14a
What is -32435 (base 7) in base 3?
-102010102
What is 32 (base 4) in base 16?
e
What is -6d75 (base 16) in base 6?
-333421
What is -3023 (base 5) in base 15?
-1ad
Convert -110010010111111 (base 2) to base 12.
-12b13
What is -233221 (base 4) in base 5?
-44144
What is -284b (base 12) in base 13?
-2180
Convert 168 (base 12) to base 16.
e0
110001111 (base 2) to base 7
1110
Convert -4244 (base 5) to base 9.
-707
What is -787 (base 14) in base 5?
-21431
Convert -1001111001 (base 2) to base 3.
-212110
1068 (base 16) to base 7
15150
-ab89 (base 15) to base 12
-19056
What is 1050514 (base 6) in base 11?
37079
Convert -322 (base 11) to base 12.
-283
-50612 (base 11) to base 2
-10010000011011000
Convert ac (base 15) to base 16.
a2
Convert 20453 (base 8) to base 9.
12574
-2a9 (base 14) to base 9
-661
Convert 2040104 (base 5) to base 6.
420215
25e (base 16) to base 3
211110
Convert -6b09 (base 13) to base 6.
-153402
What is 9a2 (base 11) in base 5?
14301
What is c164 (base 13) in base 16?
67f7
Convert -399 (base 12) to base 8.
-1045
Convert 172 (base 8) to base 5.
442
What is -2533 (base 12) in base 7?
-15201
Convert 341 (base 6) to base 8.
205
188 (base 12) to base 9
305
-11001121 (base 3) to base 11
-225